65. Is z a composite number?
False
Let m = -82 + -259. Let z = m + 592. Is z composite?
False
Let r(l) = -l**2 + 5*l. Let g be r(6). Is (-837)/(-2) + (-3)/g prime?
True
Suppose 5*r + 991 - 97 = 3*o, -5*o + 4*r = -1477. Is o prime?
True
Let b(f) = -3*f**3 - f**2 + f + 1. Let u be b(-2). Let j = -4 + u. Suppose 9 = 3*g, 3*y = g + g + j. Is y prime?
True
Let z(l) = 13*l**2 - 14*l - 23. Is z(14) composite?
True
Let i be (-1)/(-2) + (-162)/4. Let t = i + 93. Is t a prime number?
True
Let w be (3 + -3)/((-3)/3). Suppose -1247 = -5*b - 2*k, -5*k - 4 - 16 = w. Is b prime?
True
Suppose -n + 3*c + 153 = 0, n - 93 = -5*c + 76. Let s = n + -92. Is s a composite number?
False
Let s(k) = 14*k + 3. Let f be 1/1*6/(-2). Let q be (1*-24)/f + -2. Is s(q) a composite number?
True
Let g be (-3)/2 + 9/6. Suppose g*m = 2*m - 4. Suppose 7*w - 105 = m*w. Is w composite?
True
Suppose -t + 12 = 2*p, 3*p - 3*t - 20 = -5*t. Suppose -p*q + 165 = 5*x - 430, -4*q = -2*x - 630. Is q a prime number?
False
Let a = -7 + 11. Suppose 3*n + r = 7, 7*r - 2 = -a*n + 2*r. Suppose -i + 0*i - 3*b = -15, -3*i + 3*b - n = 0. Is i prime?
True
Let w(f) = 3*f**2 + 8*f - 8. Suppose 6 = 4*y - 2. Suppose n + 0*v = y*v - 3, -5*v - 10 = 0. Is w(n) prime?
True
Let g = 5 - 15. Let l = 139 + g. Is l a composite number?
True
Let j = 20 + -14. Is j a composite number?
True
Suppose -3*b + 27 = -b + 5*y, 2*y - 10 = 0. Let g(a) = -2*a + 3*a + b + a**2 + 4*a. Is g(-9) a composite number?
False
Suppose -2*g = -4*g - j - 17, -5*j = 4*g + 31. Is ((-50)/6)/(3/g) a composite number?
True
Let y be (-10 + 4)*-26*1. Suppose l - y = -5*n, 4*n + 5*l - 54 = 75. Is n prime?
True
Let p = -1083 - -2200. Is p a composite number?
False
Suppose -10 = 3*j - 1. Let u be ((-1)/j)/((-1)/(-6)). Is 5 + u/(0 + 2) prime?
False
Let m be (-4)/(-4) - (1 + 2). Is (504 + m)*1/2 composite?
False
Let l(r) = -69*r + 5. Let n = -7 + 3. Let v be l(n). Suppose -83 = -4*a + v. Is a prime?
False
Suppose 4*j - 2*j - 5*z = 176, -5*j + 461 = -2*z. Suppose 3*g - 6*g + j = 0. Is g a composite number?
False
Suppose -4 = 4*u - 16. Suppose -2 = -u*d + 157. Is d composite?
False
Suppose -4*r + 80 = -68. Is r prime?
True
Suppose 4*s - 3*s - 3 = -l, 5*s - 17 = -3*l. Suppose -28 = s*i - 176. Is i composite?
False
Suppose 0*f = 4*v + f - 10, -5*v + 4*f + 23 = 0. Suppose -v*h = h. Suppose 0*w - w + 187 = h. Is w a prime number?
False
Suppose -k = -6*k - 3*v + 8243, 4*v = -3*k + 4937. Is k a composite number?
True
Let j = -1 - -1. Suppose j = 2*l + l + 6. Is -2*(0 + 35/l) a composite number?
True
Let x(g) = 5*g**2 - 7*g + 6. Let a be x(5). Suppose 5*y = -3*t + a, 3*t - 145 + 19 = 5*y. Is t a composite number?
False
Suppose -148 = 3*o - 5*o. Suppose 0 = -4*n + 3*j - 4*j + o, 0 = n - j - 21. Is n prime?
True
Suppose -5 = -3*u + 2*u. Suppose u*t = 3*t + 12. Is (-14)/21 + 874/t a prime number?
False
Let t be (-3)/6 - 614/(-4). Suppose -36 = -2*o + 4*w + 34, 5*o + w - t = 0. Is o prime?
True
Suppose 3*q - d + 1289 + 45 = 0, 0 = -4*q + 2*d - 1782. Let y = -252 - q. Is y composite?
False
Let x = -15 + 16. Is 118 - (1 - x) - 3 composite?
True
Suppose x - 4*g = -0*x + 92, 5*g - 208 = -3*x. Suppose 3*v = -15, 4*r - v - 245 - x = 0. Is r composite?
False
Let y(t) = 30*t**2 + 9*t - 4. Suppose -5*d + 4*r - 2 - 3 = 0, 4*d + 2*r + 30 = 0. Is y(d) a composite number?
False
Let t be 9/36 - 14/(-8). Let w(p) = 81*p - 3. Is w(t) a composite number?
True
Suppose 0 = 2*s + s - 141. Suppose 2*z - 6*z + 84 = 0. Suppose -2*v = -s - z. Is v prime?
False
Let c be (-891)/(-39) - (-6)/39. Let z = 56 + c. Is z prime?
True
Let k = 18 - 36. Let u = k - -107. Is u prime?
True
Let p(f) = 5*f - 3. Let u be p(4). Suppose 0 = 5*q - u - 3. Suppose -q*z + 83 = 23. Is z prime?
False
Suppose n - 3*g = -2*n + 33, -4*n + 29 = g. Let r = n - 1. Is (r - 1)/((-2)/(-2)) a composite number?
True
Suppose 5*c - 9*c = 20. Let l = 17 - 59. Let x = c - l. Is x composite?
False
Let i = -2983 - -5002. Is i composite?
True
Let a(q) = 2*q + 12. Let l be a(-5). Suppose 0 = -2*b + b. Suppose b = -r + u + 137, l*r + 0*u - u = 270. Is r prime?
False
Suppose -2*h - 3*h = -3*f - 2705, -2*f + 2164 = 4*h. Is h composite?
False
Suppose p - 2*r = 143, 4*p - r = -0*r + 565. Let y = p - 20. Is y a composite number?
True
Suppose -2*l = -5*p + 53, -3*p + l + 36 = 5. Let s(d) = 8*d - 1. Is s(p) prime?
True
Suppose -2*v + 0*d + 2*d + 540 = 0, 2*d - 267 = -v. Is v a composite number?
False
Suppose -43 = q - 138. Let o(p) = p**3 + 7*p**2 + 4. Let f be o(-7). Suppose -23 - 27 = -f*s + 2*z, 0 = -5*s - 4*z + q. Is s prime?
False
Let m = 362 + -229. Is m composite?
True
Suppose -4*d = -7*d. Suppose d = -5*j - 0*j + 15. Suppose 8*s = j*s + 555. Is s a prime number?
False
Suppose 0 = -4*h + 2*h + 422. Is h a composite number?
False
Is ((-4)/6)/((-8)/4548) a composite number?
False
Let u = 1277 + -588. Is u a composite number?
True
Let v = 16 - 10. Let d = 45 + -17. Let x = d - v. Is x prime?
False
Suppose -3*f + 30 = -8*f. Let r(w) be the second derivative of w**5/20 + 7*w**4/12 - 2*w**3/3 + 7*w**2/2 - 3*w. Is r(f) composite?
False
Let z be 6 + -2 + -1*2. Suppose -z*i + 2*x - 4 = 0, -x + 1 = -0. Let g(y) = -23*y - 1. Is g(i) a prime number?
False
Let j(a) = -a**3 - 7*a**2 - a - 7. Let o be j(-7). Let q = -35 - -446. Suppose l - 3 = o, 4*n = 4*l + q + 29. Is n composite?
False
Let p be -2 + (-3)/((-9)/345). Let u = p + -28. Is u a composite number?
True
Let d(o) = 32*o + 3. Let a be d(-3). Is (a/(-6))/(1/2) a prime number?
True
Let j(n) = n**3 - 10*n**2 - 3*n - 14. Suppose -4 = -2*g, 0 = -5*f + 2*g + 17 + 34. Is j(f) composite?
True
Let h be (84/(-70))/(2/(-5)). Let z be ((-188)/10)/((-1)/5). Suppose -17 - z = -h*o. Is o prime?
True
Is (21 + -17)/(4/254) composite?
True
Let l(m) = -m**2 - 9*m - 6. Let b be l(-8). Let r(q) = 2*q**2 - 3*q**2 - b*q + 6 + 11*q. Is r(8) prime?
False
Suppose -z + 3*z = 8. Is (-142)/(-4) - 2/z prime?
False
Let j(w) = w**3 - 3*w**2 + w - 1. Let d(k) = 3*k**2 - 1. Let q be d(1). Let a be j(q). Is a - (1 - (26 - 3)) a composite number?
False
Suppose -3*d - 3*c + 0*c = -42, 2*d + 4*c = 34. Let w(u) = -u**3 + 11*u**2 + 11*u + 6. Is w(d) a composite number?
False
Suppose -3 = 3*c - 24. Suppose -21 = 4*a + c. Let m = a - -10. Is m a composite number?
False
Let s(g) = 9*g - 50. Is s(16) prime?
False
Suppose 0 = -i - 15 + 146. Is i/4 + (-5)/(-20) a prime number?
False
Suppose 0 = -5*a + 3*a + 6. Suppose -f = -0*f - a. Suppose 6*q = f*q + 117. Is q a composite number?
True
Let r(o) = 24*o - 15. Is r(6) a composite number?
True
Let u(v) = v**3 - v + 129. Is u(0) a prime number?
False
Let c = -242 + 733. Is c composite?
False
Suppose -4*y + 810 = -l, 2*y - 10*l = -6*l + 398. Is y a prime number?
False
Suppose 8*k - 4*k = 10276. Is k composite?
True
Suppose -5*z = -n + 472, 0 = -5*z - 3*n - 264 - 200. Let f = z + 133. Is f a prime number?
False
Let q(t) = 7*t**3 + 2*t**2 + 1. Let k be q(2). Let g be 1/(-1 - (-24)/20). Suppose -2*n - g*d = -262, 2*n = d + 197 + k. Is n a composite number?
False
Let t be (-2)/7 + 66/(-14). Let r = t - -7. Suppose r*k = 5*u - 2*k - 186, 79 = 2*u + 3*k. Is u a prime number?
False
Suppose 5*n = 4*n + 1. Let l(y) = -7*y - n + 0 - 4*y. Is l(-1) a prime number?
False
Let d = -65 - -137. Suppose d = 2*a - 6*a. Let x = a - -49. Is x a prime number?
True
Suppose 8 + 2 = -5*k. Let q = k + 6. Suppose -g + q*g = 483. Is g prime?
False
Let a(p) = 2*p**2 - p + 1. Let r be a(1). Suppose -b - 4*b + 243 = r*g, -2*b + 10 = 0. Is g a composite number?
False
Let a(o) be the second derivative of -o**6/240 - o**5/20 - o**4/3 - 3*o. Let u(b) be the third derivative of a(b). Is u(-4) a prime number?
False
Is 2*20/8*53 prime?
False
Let l(p) = p**2 + p + 1211. Is l(0) composite?
True
Let j(b) = b**2 - 12*b - 8. Let r be j(7). Let v = r + 69. Is v composite?
True
Let q = 1327 - 12. Is q a prime number?
False
Suppose -g + 316 = 3*g. Suppose -r + g = x, -3*x + 5 = -1. Is r prime?
False
Suppose 4*i = -4*c + 3*i + 433, 3*c - i = 330. Let b = c + -62. Is b a prime number?
True
Let x(j) = 8*j - 3. Is x(7) a prime number?
True
Let r = 244 - -369. Is r a composite number?
False
Suppose -l - v = -0*v - 8, 23 = 4*l - 5*v. Let g be 1*l - (-4)/(-2). Suppose -g*m + 4*h = -669, -2*m - h = -4*h - 269. Is m a prime number?
Fals